of 13995582?
2, 3, 2332597
List the prime factors of 1363068.
2, 3, 7, 601
List the prime factors of 412283.
149, 2767
List the prime factors of 44706.
2, 3, 7451
List the prime factors of 293815.
5, 58763
What are the prime factors of 4392350?
2, 5, 107, 821
What are the prime factors of 1982499?
3, 660833
What are the prime factors of 1229907?
3, 7, 58567
List the prime factors of 9149992.
2, 1143749
What are the prime factors of 119696?
2, 7481
List the prime factors of 1015423.
1015423
List the prime factors of 271526.
2, 127, 1069
What are the prime factors of 451505?
5, 73, 1237
What are the prime factors of 5518016?
2, 7, 109, 113
What are the prime factors of 2153112?
2, 3, 13, 67, 103
List the prime factors of 982081.
991
What are the prime factors of 183876?
2, 3, 7, 11, 199
List the prime factors of 558598.
2, 29, 9631
What are the prime factors of 563730?
2, 3, 5, 19, 23, 43
What are the prime factors of 7228891?
7228891
What are the prime factors of 3423555?
3, 5, 76079
List the prime factors of 2351344.
2, 179, 821
List the prime factors of 2047292.
2, 13, 39371
List the prime factors of 9644623.
607, 15889
List the prime factors of 4694046.
2, 3, 7, 73, 1531
What are the prime factors of 17597377?
7, 113, 22247
List the prime factors of 514426.
2, 11, 67, 349
What are the prime factors of 1941992?
2, 13, 71, 263
What are the prime factors of 2930955?
3, 5, 37, 5281
List the prime factors of 3708193.
17, 331, 659
What are the prime factors of 244834?
2, 17, 19, 379
What are the prime factors of 285741?
3, 19, 557
List the prime factors of 3368876.
2, 7, 79, 1523
What are the prime factors of 6097023?
3, 677447
What are the prime factors of 780609?
3, 367, 709
List the prime factors of 606779.
379, 1601
List the prime factors of 4379042.
2, 2189521
What are the prime factors of 3668871?
3, 1222957
List the prime factors of 934227.
3, 7, 4943
What are the prime factors of 135805?
5, 157, 173
List the prime factors of 1416413.
59, 24007
List the prime factors of 2133106.
2, 1066553
What are the prime factors of 44963?
44963
What are the prime factors of 7138388?
2, 229, 7793
List the prime factors of 2321596.
2, 461, 1259
What are the prime factors of 8959539?
3, 2986513
What are the prime factors of 828306?
2, 3, 5113
List the prime factors of 318467.
318467
List the prime factors of 1886382.
2, 3, 181, 193
List the prime factors of 13620946.
2, 6810473
What are the prime factors of 2121653?
2121653
List the prime factors of 283339.
7, 17, 2381
What are the prime factors of 3372367?
19, 177493
What are the prime factors of 2299058?
2, 79, 14551
List the prime factors of 6926887.
11, 19, 23, 131
What are the prime factors of 1988141?
19, 104639
List the prime factors of 1620647.
7, 127, 1823
List the prime factors of 6551770.
2, 5, 19, 34483
List the prime factors of 1985522.
2, 7, 11, 12893
List the prime factors of 8460764.
2, 13, 17, 563
What are the prime factors of 24560485?
5, 73, 67289
List the prime factors of 871532.
2, 53, 4111
What are the prime factors of 267031?
71, 3761
What are the prime factors of 1504621?
431, 3491
List the prime factors of 32513884.
2, 13, 625267
What are the prime factors of 187437?
3, 43, 1453
List the prime factors of 20350668.
2, 3, 13, 191, 683
List the prime factors of 13513429.
13513429
What are the prime factors of 85743?
3, 7, 1361
What are the prime factors of 2444954?
2, 367, 3331
What are the prime factors of 201791?
201791
What are the prime factors of 7404324?
2, 3, 617027
List the prime factors of 941265.
3, 5, 13, 1609
List the prime factors of 20097123.
3, 53, 126397
What are the prime factors of 1373519?
7, 28031
What are the prime factors of 13196081?
79, 167039
List the prime factors of 173803.
7, 3547
What are the prime factors of 2563840?
2, 5, 2003
List the prime factors of 1378593.
3, 51059
What are the prime factors of 6321?
3, 7, 43
List the prime factors of 1497134.
2, 748567
List the prime factors of 1116570.
2, 3, 5, 7, 13, 409
What are the prime factors of 97333?
131, 743
List the prime factors of 105686.
2, 7, 7549
List the prime factors of 300835.
5, 60167
What are the prime factors of 47966?
2, 29, 827
What are the prime factors of 270358?
2, 11, 12289
List the prime factors of 2808616.
2, 351077
List the prime factors of 2306135.
5, 13, 17, 2087
What are the prime factors of 4046815?
5, 53, 15271
What are the prime factors of 16172798?
2, 8086399
List the prime factors of 385859.
385859
List the prime factors of 22423433.
41, 71, 7703
What are the prime factors of 574276?
2, 143569
List the prime factors of 76215.
3, 5, 5081
List the prime factors of 9438571.
9438571
What are the prime factors of 1651234?
2, 13, 41, 1549
List the prime factors of 27922125.
3, 5, 7, 11, 967
List the prime factors of 154138.
2, 77069
What are the prime factors of 1446995?
5, 11, 26309
List the prime factors of 593365.
5, 118673
What are the prime factors of 13143581?
11, 977, 1223
What are the prime factors of 825157?
53, 15569
What are the prime factors of 302260?
2, 5, 7, 17, 127
What are the prime factors of 6215273?
6215273
What are the prime factors of 118310?
2, 5, 11831
What are the prime factors of 2407471?
11, 19, 11519
List the prime factors of 5211517.
571, 9127
List the prime factors of 743480.
2, 5, 18587
List the prime factors of 5174886.
2, 3, 862481
What are the prime factors of 302285?
5, 60457
What are the prime factors of 5078112?
2, 3, 13, 313
List the prime factors of 1391333.
29, 47977
What are the prime factors of 3884661?
3, 11, 39239
What are the prime factors of 3143036?
2, 13, 60443
List the prime factors of 7833940.
2, 5, 17, 23041
What are the prime factors of 211446?
2, 3, 17, 691
List the prime factors of 880990.
2, 5, 11, 8009
What are the prime factors of 2037614?
2, 1018807
What are the prime factors of 216123?
3, 61, 1181
List the prime factors of 4645231.
4645231
What are the prime factors of 129669?
3, 43223
What are the prime factors of 1155546?
2, 3, 7, 1019
List the prime factors of 622255.
5, 97, 1283
What are the prime factors of 141962?
2, 70981
What are the prime factors of 252730?
2, 5, 127, 199
What are the prime factors of 304579?
11, 27689
List the prime factors of 22674037.
3203, 7079
What are the prime factors of 577750?
2, 5, 2311
List the prime factors of 1192771.
17, 70163
What are the prime factors of 6296002?
2, 3148001
List the prime factors of 1978374.
2, 3, 329729
List the prime factors of 97927.
97927
What are the prime factors of 346267?
71, 4877
What are the prime factors of 3197561?
113, 28297
What are the prime factors of 21186765?
3, 5, 52313
What are the prime factors of 696604?
2, 349, 499
List the prime factors of 89736.
2, 3, 3739
What are the prime factors of 5076467?
11, 31, 14887
List the prime factors of 21539651.
7, 3077093
List the prime factors of 2219545.
5, 443909
What are the prime factors of 27761883?
3, 1637, 5653
What are the prime factors of 4546366?
2, 11, 197, 1049
What are the prime factors of 3703206?
2, 3, 13, 197, 241
List the prime factors of 308160.
2, 3, 5, 107
What are the prime factors of 1130112?
2, 3, 109
List the prime factors of 2773759.
2773759
What are the prime factors of 3748765?
5, 823, 911
What are the prime factors of 289089?
3, 43, 83
What are the prime factors of 7018142?
2, 3509071
What are the prime factors of 32141152?
2, 17, 59083
What are the prime factors of 1321185?
3, 5, 88079
What are the prime factors of 18518?
2, 47, 197
List the prime factors of 1100853.
3, 13, 97
What are the prime factors of 3553167?
3, 29, 40841
What are the prime factors of 1559946?
2, 3, 259991
List the prime factors of 43841197.
23, 1906139
What are the prime factors of 9830012?
2, 17, 37, 3907
What are the prime factors of 8981688?
2, 3, 59, 6343
List the prime factors of 348129.
3, 47, 823
What are the prime factors of 20788942?
2, 71, 281, 521
List the prime factors of 13866949.
79, 257, 683
What are the prime factors of 384119?
43, 8933
List the prime factors of 4308834.
2, 3, 718139
List the prime factors of 2920736.
2, 7, 13, 17, 59
List the prime factors of 496809.
3, 55201
What are the prime factors of 2966971?
7, 423853
List the prime factors of 381208.
2, 17, 2803
What are the pri